5 = 0. What is the greatest common factor of v and 21?
21
Suppose 2*a + 2*q = 86, -5*a + a = 5*q - 170. Calculate the greatest common factor of a and 3285.
45
Suppose -5*p + 6 = 5*m - 1989, -5*m + p = -2001. What is the highest common divisor of m and 550?
50
Let d(i) = 6399*i**3 - 23*i**2 + 23*i - 3. Let b be d(1). Calculate the greatest common divisor of 156 and b.
156
Suppose -25*w = -660 - 2140. What is the greatest common divisor of 128 and w?
16
Let n(s) = 87*s**2 - 14*s + 25. Let h be n(2). What is the highest common factor of h and 60?
15
Suppose 7952 = 45*s + 26*s. Let a = -28 - -42. Calculate the highest common factor of s and a.
14
Let h be (-9)/(-2) - (0 - 6/(-12)). Suppose -20 - h = -6*q. Suppose -2*f + 66 = q*c, -4*f = f + 5*c - 180. Calculate the highest common factor of 351 and f.
39
Let p = -4426 + 4432. Calculate the greatest common divisor of 13074 and p.
6
Let h(c) be the third derivative of c**5/30 - 11*c**4/12 - 5*c**3 + 2*c**2 + 2*c. Let l be h(13). What is the highest common divisor of 99 and l?
11
Let z be 103212/705 + 24/(-10). Calculate the highest common divisor of 8496 and z.
144
Let t be (6/(-8))/(112/(-448)). What is the highest common factor of 8367 and t?
3
Suppose p = -h + 5, 0 - 6 = -3*p. Suppose -4*v + 23 = -0*n - n, 27 = -4*n + h*v. Let b be (3 + -27)*16/36*n. What is the highest common divisor of 4 and b?
4
Let n(g) = 19*g + 1. Let k be n(1). Let u = 303 - 193. Let p = u - -30. What is the greatest common factor of k and p?
20
Suppose 40440 = 33*y - 19554. What is the greatest common factor of y and 21?
3
Let m be 10/4 - 1/(-2). Let s = -2900 + 2954. Suppose m*y - 3 - s = 0. Calculate the highest common divisor of y and 95.
19
Let w(o) = -2*o**3 + 87*o**2 + 48*o - 64. Let l be w(44). What is the highest common divisor of l and 5488?
112
Suppose v + 9*f - 10*f = 27, -39 = -2*v - f. Calculate the greatest common factor of 5258 and v.
22
Suppose -5*u + 414 = -2*s, 0 = 2*u - 95*s + 99*s - 180. Calculate the highest common factor of u and 7266.
42
Suppose -4159 = -36*k - 991. Let w be 18*(-2 - (-68)/12). What is the highest common factor of w and k?
22
Let s(x) = x**3 - 72*x**2 - 92*x - 494. Let d be s(74). What is the greatest common factor of 200 and d?
50
Suppose 130*t = 4*d + 132*t - 46, -54 = -5*d - 2*t. Calculate the highest common factor of 6152 and d.
8
Let j(p) = 2*p + 2. Let g be j(0). Let a(l) = -10*l**g + l + 2*l + 7*l**2 - l + l**3. Let s be a(3). Calculate the greatest common divisor of 54 and s.
6
Let d(l) = -l**3 - 14*l**2 + 5*l + 19. Let k be d(-10). Let a = k + 447. Calculate the greatest common divisor of 304 and a.
16
Let d(b) = -4*b**3 - 2*b**2 + 3*b + 4. Let k be d(-1). Suppose -y = -5*j - 10, -6*y = -7*y + k*j + 16. Calculate the highest common divisor of y and 1.
1
Let y be (-25 - (-140)/6)/(-1 - 143/(-144)). What is the highest common factor of y and 155?
5
Let k = -38 + 38. Suppose k = 2*n + 2*y - 46, -n - y - 4*y = -43. What is the highest common divisor of 54 and n?
18
Suppose -165*q = -4357 - 2573. Calculate the greatest common factor of 258 and q.
6
Let n(p) = 29*p + 116. Let m be n(-4). Suppose 2*k - i - 767 = -2*k, m = 5*k + 2*i - 962. Calculate the greatest common factor of k and 288.
96
Suppose -59 = -60*m + 10201. Calculate the highest common divisor of 361 and m.
19
Suppose 5*c + 63*z = 66*z + 120, 120 = 5*c + 3*z. Calculate the highest common factor of c and 12.
12
Suppose -15*q + 14*q - 2 = 0. Let u be ((-264)/154)/(q/7). Calculate the greatest common factor of u and 4.
2
Suppose 16*s - 490 = 230. Let o be ((-133)/(-14) + -8)/((-1)/(-240)). Calculate the greatest common divisor of s and o.
45
Let o(p) = p**2 + 1021*p - 25985. Let a be o(25). Let r(n) = -21*n + 3. Let h be r(-3). Calculate the greatest common divisor of h and a.
33
Let l be (-4 + 1)*-1 + 84. Let q = l + -47. Suppose 20 = h + 2*u, 33*h - 3*u + 38 = 35*h. Calculate the greatest common factor of q and h.
8
Suppose 2*n + 10 + 4 = 0. Let o(f) = -f - 1. Let s be o(n). Let j be (1/4*2)/((-26)/(-208)). What is the highest common divisor of j and s?
2
Let q be 9*((-42)/(-8) - -1)/(33/616). Calculate the highest common factor of q and 378.
42
Let w be (-992)/(-9) + 136/36 + -4. Let o be (-2540)/(-85) - (-2)/17. What is the highest common factor of w and o?
10
Let l = 1868 + -2805. Let w = -899 - l. What is the highest common divisor of w and 950?
38
Let i(n) = -5*n**3 - 4*n**2 + 82*n + 85. Let o be i(-1). Calculate the greatest common divisor of 596 and o.
4
Let t(v) = 19*v**2 + 12*v + 61. Let c be t(-10). Calculate the greatest common divisor of c and 14.
7
Let q = -1615 + 3524. Calculate the highest common divisor of 92 and q.
23
Suppose -105 = -26*x + 25. Calculate the greatest common divisor of x and 2285.
5
Let s(v) = 8*v**2. Let i be s(3). Suppose -64 = -m + g + 48, 0 = -4*m - 3*g + 413. Let a = 131 - m. Calculate the highest common factor of i and a.
24
Let i be ((-3)/(-1) - (-84)/(-20))/((-10)/4775). What is the highest common factor of 33 and i?
3
Let i be 17*1*(-4)/(-2). Suppose 0 = -4*w - 0*q - q - 60, 0 = w + q + 15. Let t be 21 + (18/w)/((-3)/(-10)). What is the greatest common factor of i and t?
17
Let l = 2355 + -925. Calculate the greatest common divisor of l and 52.
26
Let p(a) = 5*a + 10. Suppose 4*m + 41 = 3*h, -3*m - 1 = 2*h - 0*h. Let z be p(h). Suppose -3780 + 945 = -9*c. What is the greatest common divisor of c and z?
45
Suppose -44*b + 6380 = -4*b + 18*b. What is the highest common factor of 6875 and b?
55
Suppose 3*c + 3 = -u + 22, -2*c = u - 14. Suppose -2*d + 19 = -u*h + h, 0 = 5*h + 25. Let q be d + 1 + 29 + 0. What is the highest common divisor of 8 and q?
8
Let v be (148/(-111))/((-2)/357). Calculate the greatest common divisor of 28 and v.
14
Let u(y) = y - 25. Let l be u(26). Let g be (4 - l) + -1 + 48/4. Let o = 28 - 14. Calculate the greatest common factor of g and o.
14
Let v(m) be the second derivative of -m**5/20 + 3*m**4/4 + m**3/2 + 21*m**2/2 + 10*m - 9. Let h be v(9). Calculate the highest common divisor of 9 and h.
3
Let j(b) = -10*b**3 + 78*b**2 + 53*b + 40. Let l be j(8). Calculate the greatest common factor of 23688 and l.
168
Let y = 14469 + -14463. Calculate the greatest common divisor of y and 759.
3
Let x(u) = 73*u + 628. Let a be x(17). What is the highest common factor of a and 21?
21
Suppose 4*l - 332*f - 31 = -337*f, -7 = -l - 2*f. Let g(x) = 9 + 2*x + 0*x - 4*x. Let s be g(4). Calculate the greatest common divisor of l and s.
1
Suppose -64*v + 23223 + 7862 = 5805. Calculate the highest common factor of 1027 and v.
79
Suppose -136*g = -131*g - 5*c - 1555, 2*g - 624 = 3*c. Calculate the greatest common divisor of 3 and g.
3
Let j be -401 - -14 - (3 - 0). Let f be (9*(-4)/20)/(9/j). What is the highest common factor of f and 3?
3
Let s be (-196692)/(-518) - 9/(189/(-6)). What is the highest common factor of s and 390?
10
Suppose -f = 1, 2*a - 4*f - 34 = -0*a. Suppose 7*j + 1 - a = 0. Let n be (-5)/4*j*64/(-10). What is the greatest common factor of 144 and n?
16
Suppose 60 = 3*i + 3*f, -i - 3*f = -0*i - 28. Let v be 115/(-50)*-5*108. Let n = 1298 - v. What is the greatest common divisor of n and i?
8
Suppose -9 = 6*n - 4*n + 3*v, -15 = 5*n + 5*v. Suppose 19*y - 9*y - 570 = n. What is the highest common divisor of 513 and y?
57
Suppose -87*f - 68*f = 9*f - 389664. What is the highest common factor of f and 270?
54
Suppose -25 = -5*f, -4*f - 6904 = 4*t - 91204. Suppose 19*g + t = 54*g. What is the highest common factor of 28 and g?
14
Suppose -1 - 1 = 2*s. Suppose 2195 = 17*u + 2144. Let o be ((-2)/(-8))/((u/(-156))/s). What is the greatest common factor of 1 and o?
1
Suppose -23*l + 798 = 13*l - 786. What is the greatest common divisor of l and 196?
4
Let l be 20/(-45)*6*-417 + 5*-1. Calculate the highest common divisor of 243 and l.
27
Let b(z) = 523*z + 4722. Let u be b(-9). Calculate the greatest common factor of 705 and u.
15
Let i(d) = 14*d**2 + 7*d + 8. Let h be i(-2). Suppose 3*v - h = -o, o + 78 = -0*v + 5*v. Suppose v = -2*b + 4*b. What is the greatest common factor of b and 12?
4
Let m(d) = -11*d**2 + 1. Let n be m(4). Let f = 5 - n. Let r(b) = -3*b + 20. Let s be r(0). What is the greatest common divisor of f and s?
20
Let x be 8/(-32) + (-26)/(-8). Let 